factors of 2570615.
5, 514123
What are the prime factors of 962547?
3, 71, 4519
What are the prime factors of 6490901?
307, 21143
What are the prime factors of 739992?
2, 3, 11, 2803
List the prime factors of 2794366.
2, 1069, 1307
What are the prime factors of 550401?
3, 271, 677
What are the prime factors of 305490?
2, 3, 5, 17, 599
List the prime factors of 464323.
311, 1493
List the prime factors of 1661669.
1661669
What are the prime factors of 1400744?
2, 311, 563
List the prime factors of 26383043.
4903, 5381
What are the prime factors of 4118267?
17, 157, 1543
List the prime factors of 167904.
2, 3, 11, 53
What are the prime factors of 2165265?
3, 5, 43, 373
List the prime factors of 1531212.
2, 3, 127601
List the prime factors of 364815.
3, 5, 11, 67
What are the prime factors of 175152?
2, 3, 41, 89
List the prime factors of 29129247.
3, 7, 23, 6701
What are the prime factors of 1960903?
7, 280129
List the prime factors of 4011275.
5, 281, 571
What are the prime factors of 8267328?
2, 3, 31, 463
What are the prime factors of 1434284?
2, 358571
What are the prime factors of 296601?
3, 98867
List the prime factors of 268139.
37, 7247
What are the prime factors of 6344350?
2, 5, 223, 569
What are the prime factors of 76957?
41, 1877
List the prime factors of 13012.
2, 3253
What are the prime factors of 278064?
2, 3, 1931
List the prime factors of 1008190.
2, 5, 41, 2459
What are the prime factors of 6329266?
2, 101, 31333
What are the prime factors of 332251?
332251
List the prime factors of 2518647.
3, 269, 3121
What are the prime factors of 968303?
7, 17, 79, 103
List the prime factors of 358668.
2, 3, 41
List the prime factors of 252053.
269, 937
List the prime factors of 1181255.
5, 31, 7621
List the prime factors of 308708.
2, 71, 1087
What are the prime factors of 7248565?
5, 23, 63031
What are the prime factors of 7572079?
71, 106649
List the prime factors of 367773.
3, 7, 83, 211
List the prime factors of 358533.
3, 7, 271
What are the prime factors of 477105?
3, 5, 17, 1871
List the prime factors of 204475.
5, 8179
What are the prime factors of 442062?
2, 3, 41, 599
What are the prime factors of 471437?
293, 1609
List the prime factors of 4276939.
421, 10159
What are the prime factors of 6465751?
59, 109589
List the prime factors of 877775.
5, 35111
What are the prime factors of 184944?
2, 3, 3853
What are the prime factors of 11938507?
7, 243643
List the prime factors of 2513089.
2513089
What are the prime factors of 418958?
2, 47, 4457
List the prime factors of 13884956.
2, 271, 12809
List the prime factors of 3897026.
2, 7, 251, 1109
What are the prime factors of 143004?
2, 3, 17, 701
List the prime factors of 25139029.
89, 282461
What are the prime factors of 84461?
13, 73, 89
List the prime factors of 1704818.
2, 852409
List the prime factors of 459838.
2, 19, 12101
What are the prime factors of 162290?
2, 5, 16229
List the prime factors of 31255349.
281, 111229
List the prime factors of 53872.
2, 7, 13, 37
What are the prime factors of 192450?
2, 3, 5, 1283
What are the prime factors of 344626?
2, 172313
What are the prime factors of 635468?
2, 158867
List the prime factors of 61019.
7, 23, 379
List the prime factors of 1500778.
2, 433, 1733
What are the prime factors of 213758?
2, 17, 6287
List the prime factors of 1188117.
3, 7, 18859
What are the prime factors of 3697928?
2, 13, 31, 37
List the prime factors of 412867.
7, 13, 349
What are the prime factors of 248362?
2, 124181
What are the prime factors of 803210?
2, 5, 31, 2591
What are the prime factors of 3958275?
3, 5, 89, 593
List the prime factors of 305838.
2, 3, 13, 1307
What are the prime factors of 3813892?
2, 953473
What are the prime factors of 2153257?
293, 7349
List the prime factors of 19966798.
2, 9983399
What are the prime factors of 541965?
3, 5, 36131
List the prime factors of 506153.
43, 79, 149
List the prime factors of 830443.
47, 17669
What are the prime factors of 20631006?
2, 3, 11, 29, 3593
List the prime factors of 947367.
3, 105263
List the prime factors of 1303166.
2, 349, 1867
What are the prime factors of 2235486?
2, 3, 11, 33871
What are the prime factors of 1208291?
7, 24659
List the prime factors of 476034.
2, 3, 13, 17, 359
What are the prime factors of 3349950?
2, 3, 5, 23, 971
What are the prime factors of 209875?
5, 23, 73
List the prime factors of 14812315.
5, 7, 423209
What are the prime factors of 17268325?
5, 109, 6337
List the prime factors of 29467.
79, 373
What are the prime factors of 869335?
5, 173867
List the prime factors of 5677858.
2, 521, 5449
What are the prime factors of 556829?
7, 13, 29, 211
What are the prime factors of 633354?
2, 3, 283, 373
What are the prime factors of 855630?
2, 3, 5, 3169
What are the prime factors of 42836?
2, 10709
List the prime factors of 3243693.
3, 1081231
What are the prime factors of 750909?
3, 43, 5821
What are the prime factors of 41114?
2, 61, 337
List the prime factors of 6272066.
2, 43, 72931
What are the prime factors of 847493?
847493
What are the prime factors of 12790127?
7, 761
List the prime factors of 8774274.
2, 3, 101, 14479
What are the prime factors of 3795093?
3, 46853
What are the prime factors of 25700026?
2, 11, 1168183
What are the prime factors of 745315?
5, 23, 6481
What are the prime factors of 4346802?
2, 3, 241489
What are the prime factors of 1047015?
3, 5, 53, 439
What are the prime factors of 798333?
3, 266111
List the prime factors of 22378251.
3, 7, 41, 47, 79
What are the prime factors of 2466187?
2466187
What are the prime factors of 1021033?
13, 78541
List the prime factors of 147262.
2, 29, 2539
List the prime factors of 8182545.
3, 5, 7, 77929
List the prime factors of 1522256.
2, 89, 1069
List the prime factors of 134255.
5, 11, 2441
List the prime factors of 1612621.
1612621
List the prime factors of 168186.
2, 3, 28031
What are the prime factors of 98652?
2, 3, 8221
List the prime factors of 82256.
2, 53, 97
What are the prime factors of 1676514?
2, 3, 7, 179, 223
What are the prime factors of 35097721?
173, 202877
What are the prime factors of 10827214?
2, 73, 74159
What are the prime factors of 6125883?
3, 2041961
List the prime factors of 924904.
2, 115613
List the prime factors of 1952623.
1952623
What are the prime factors of 20745842?
2, 13, 797917
What are the prime factors of 3984689?
397, 10037
What are the prime factors of 2391?
3, 797
What are the prime factors of 3026647?
13, 232819
What are the prime factors of 3393735?
3, 5, 61, 3709
List the prime factors of 10353297.
3, 3451099
What are the prime factors of 255168?
2, 3, 443
List the prime factors of 448359.
3, 103, 1451
What are the prime factors of 758451?
3, 252817
What are the prime factors of 92581?
92581
List the prime factors of 399926.
2, 359, 557
List the prime factors of 395941.
7, 13, 19, 229
List the prime factors of 5560735.
5, 1112147
List the prime factors of 27219.
3, 43, 211
List the prime factors of 378036.
2, 3, 10501
What are the prime factors of 6991330?
2, 5, 699133
List the prime factors of 101457.
3, 11273
List the prime factors of 595933.
13, 45841
What are the prime factors of 19516080?
2, 3, 5, 233, 349
List the prime factors of 9600.
2, 3, 5
List the prime factors of 2404978.
2, 41, 139, 211
What are the prime factors of 11024681?
59, 186859
What are the prime factors of 2423335?
5, 211, 2297
What are the prime factors of 6393950?
2, 5, 41, 3119
List the prime factors of 34010754.
2, 3, 1307, 4337
List the prime factors of 7731805.
5, 1546361
What are the prime factors of 1440299?
7, 37, 67, 83
List the prime factors of 1781469.
3, 131, 1511
What are the prime factors of 174790?
2, 5, 7, 11, 227
What are the prime factors of 680172?
2, 3, 56681
What are the prime factors of 11472698?
2, 53, 108233
List the prime factors of 247732.
2, 61933
What are the prime factors of 308812?
2, 7, 41, 269
What are the prime factors of 544193?
13, 41, 1021
What are the prime factors of 5534123?
7, 790589
List the prime factors of 189852.
2, 3, 13, 1217
What are the prime factors of 13994385?
3, 5, 29, 53, 607
List the prime factors of 12930.
2, 3, 5, 431
What are the prime factors of 16563710?
2, 5, 1049, 1579
List the prime factors of 1234.
2, 617
List the prime